{"id":47,"date":"2023-08-27T14:17:50","date_gmt":"2023-08-27T14:17:50","guid":{"rendered":"http:\/\/shop.luxfon.eu\/?post_type=product&#038;p=47"},"modified":"2023-08-28T14:56:54","modified_gmt":"2023-08-28T14:56:54","slug":"tube-psu-se","status":"publish","type":"product","link":"https:\/\/shop.luxfon.eu\/?product=tube-psu-se","title":{"rendered":"Tube PSU SE"},"content":{"rendered":"<p><img loading=\"lazy\" decoding=\"async\" class=\"alignnone size-medium wp-image-51\" src=\"http:\/\/shop.luxfon.eu\/wp-content\/uploads\/2023\/08\/TPSU450MBSE-263x300.jpeg\" alt=\"Tube PSU 450 Mono Block SE\" width=\"263\" height=\"300\" srcset=\"https:\/\/shop.luxfon.eu\/wp-content\/uploads\/2023\/08\/TPSU450MBSE-263x300.jpeg 263w, https:\/\/shop.luxfon.eu\/wp-content\/uploads\/2023\/08\/TPSU450MBSE-416x475.jpeg 416w, https:\/\/shop.luxfon.eu\/wp-content\/uploads\/2023\/08\/TPSU450MBSE.jpeg 581w\" sizes=\"auto, (max-width: 263px) 100vw, 263px\" \/><\/p>\n","protected":false},"excerpt":{"rendered":"<p><strong>Javasolt felhaszn\u00e1l\u00e1s:<\/strong><\/p>\n<p>SE er\u0151s\u00edt\u0151 (300B, 2A3, 6C33C), MonoBlock kivitel.<\/p>\n<p><strong>F\u0151bb tulajdons\u00e1gok:<\/strong><\/p>\n<ul>\n<li>Be\u00e9p\u00edtett kapacit\u00e1s: 2x470uF\/450V+3x330uF\/450V<\/li>\n<li>Egyenir\u00e1ny\u00edt\u00f3: 4db di\u00f3da, TO220, 1000V<\/li>\n<\/ul>\n<p><strong>Csatlakoz\u00f3k:<\/strong><\/p>\n<ul>\n<li>AC bemenet (max.300V AC, 250mA)<\/li>\n<li>DC fojt\u00f3tekercs csatlakoz\u00f3 (aj\u00e1nlott 10H\/250mA)<\/li>\n<li>DC1 kimenet (el\u0151t\u00e9tellen\u00e1ll\u00e1ssal be\u00e1ll\u00edthat\u00f3)<\/li>\n<li>DC2 kimenet (el\u0151t\u00e9tellen\u00e1ll\u00e1ssal be\u00e1ll\u00edthat\u00f3)<\/li>\n<\/ul>\n<p>M\u00e9retek:<\/p>\n<ul>\n<li>100x100x55mm<\/li>\n<li>Felfogat\u00e1s: 4xM3 (furatt\u00e1vols\u00e1g 2.5&#8243;)<\/li>\n<li>S\u00faly:<\/li>\n<\/ul>\n","protected":false},"featured_media":51,"comment_status":"open","ping_status":"closed","template":"","meta":[],"product_cat":[26],"product_tag":[],"class_list":{"0":"post-47","1":"product","2":"type-product","3":"status-publish","4":"has-post-thumbnail","6":"product_cat-audio-tapegyseg-modulok","8":"first","9":"instock","10":"shipping-taxable","11":"purchasable","12":"product-type-simple"},"_links":{"self":[{"href":"https:\/\/shop.luxfon.eu\/index.php?rest_route=\/wp\/v2\/product\/47","targetHints":{"allow":["GET"]}}],"collection":[{"href":"https:\/\/shop.luxfon.eu\/index.php?rest_route=\/wp\/v2\/product"}],"about":[{"href":"https:\/\/shop.luxfon.eu\/index.php?rest_route=\/wp\/v2\/types\/product"}],"replies":[{"embeddable":true,"href":"https:\/\/shop.luxfon.eu\/index.php?rest_route=%2Fwp%2Fv2%2Fcomments&post=47"}],"wp:featuredmedia":[{"embeddable":true,"href":"https:\/\/shop.luxfon.eu\/index.php?rest_route=\/wp\/v2\/media\/51"}],"wp:attachment":[{"href":"https:\/\/shop.luxfon.eu\/index.php?rest_route=%2Fwp%2Fv2%2Fmedia&parent=47"}],"wp:term":[{"taxonomy":"product_cat","embeddable":true,"href":"https:\/\/shop.luxfon.eu\/index.php?rest_route=%2Fwp%2Fv2%2Fproduct_cat&post=47"},{"taxonomy":"product_tag","embeddable":true,"href":"https:\/\/shop.luxfon.eu\/index.php?rest_route=%2Fwp%2Fv2%2Fproduct_tag&post=47"}],"curies":[{"name":"wp","href":"https:\/\/api.w.org\/{rel}","templated":true}]}}